{"id":325,"date":"2022-04-19T17:33:05","date_gmt":"2022-04-19T17:33:05","guid":{"rendered":"https:\/\/mantenimientord.com.mx\/?page_id=325"},"modified":"2022-04-19T17:46:20","modified_gmt":"2022-04-19T17:46:20","slug":"aviso-de-privacidad","status":"publish","type":"page","link":"https:\/\/www.mantenimientord.com.mx\/index.php\/aviso-de-privacidad\/","title":{"rendered":"Aviso de Privacidad"},"content":{"rendered":"\t\t<div data-elementor-type=\"wp-page\" data-elementor-id=\"325\" class=\"elementor elementor-325\" data-elementor-post-type=\"page\">\n\t\t\t\t\t\t<section class=\"elementor-section elementor-top-section elementor-element elementor-element-3337e24 elementor-section-boxed elementor-section-height-default elementor-section-height-default\" data-id=\"3337e24\" data-element_type=\"section\" data-e-type=\"section\" data-settings=\"{&quot;background_background&quot;:&quot;classic&quot;}\">\n\t\t\t\t\t\t<div class=\"elementor-container elementor-column-gap-default\">\n\t\t\t\t\t<div class=\"elementor-column elementor-col-100 elementor-top-column elementor-element elementor-element-a306d14\" data-id=\"a306d14\" data-element_type=\"column\" data-e-type=\"column\">\n\t\t\t<div class=\"elementor-widget-wrap elementor-element-populated\">\n\t\t\t\t\t\t<div class=\"elementor-element elementor-element-b465f24 elementor-widget elementor-widget-heading\" data-id=\"b465f24\" data-element_type=\"widget\" data-e-type=\"widget\" data-widget_type=\"heading.default\">\n\t\t\t\t\t<h2 class=\"elementor-heading-title elementor-size-default\">AVISO DE PRIVACIDAD<\/h2>\t\t\t\t<\/div>\n\t\t\t\t<div class=\"elementor-element elementor-element-34ee001 elementor-widget-divider--view-line elementor-widget elementor-widget-divider\" data-id=\"34ee001\" data-element_type=\"widget\" data-e-type=\"widget\" data-widget_type=\"divider.default\">\n\t\t\t\t\t\t\t<div class=\"elementor-divider\">\n\t\t\t<span class=\"elementor-divider-separator\">\n\t\t\t\t\t\t<\/span>\n\t\t<\/div>\n\t\t\t\t\t\t<\/div>\n\t\t\t\t\t<\/div>\n\t\t<\/div>\n\t\t\t\t\t<\/div>\n\t\t<\/section>\n\t\t\t\t<section class=\"elementor-section elementor-top-section elementor-element elementor-element-49191aa elementor-section-boxed elementor-section-height-default elementor-section-height-default\" data-id=\"49191aa\" data-element_type=\"section\" data-e-type=\"section\" data-settings=\"{&quot;background_background&quot;:&quot;classic&quot;}\">\n\t\t\t\t\t\t<div class=\"elementor-container elementor-column-gap-default\">\n\t\t\t\t\t<div class=\"elementor-column elementor-col-100 elementor-top-column elementor-element elementor-element-d523673\" data-id=\"d523673\" data-element_type=\"column\" data-e-type=\"column\">\n\t\t\t<div class=\"elementor-widget-wrap elementor-element-populated\">\n\t\t\t\t\t\t<div class=\"elementor-element elementor-element-8e6f802 elementor-widget elementor-widget-heading\" data-id=\"8e6f802\" data-element_type=\"widget\" data-e-type=\"widget\" data-widget_type=\"heading.default\">\n\t\t\t\t\t<h2 class=\"elementor-heading-title elementor-size-default\">MANTENIMIENTO AUTOMOTRIZ E INDUSTRIAL RD<\/h2>\t\t\t\t<\/div>\n\t\t\t\t<div class=\"elementor-element elementor-element-5727e1c elementor-widget elementor-widget-text-editor\" data-id=\"5727e1c\" data-element_type=\"widget\" data-e-type=\"widget\" data-widget_type=\"text-editor.default\">\n\t\t\t\t\t\t\t\t\t<p><span style=\"color: #ffffff;\">Zayra Alejandra Ram\u00edrez D\u00edaz (\u201cMANTENIMIENTO RD\u201d), con domicilio en Barra de Navidad 34 B-Bajos, Jardines de Santa Clara, Ecatepec, Estado de M\u00e9xico, C.P. 55450, es responsable de recabar sus datos personales, del uso que se le d\u00e9 a los mismos y de su protecci\u00f3n. De conformidad con lo dispuesto en la Ley Federal de Protecci\u00f3n de Datos Personales en Posesi\u00f3n de los Particulares, MANTENIMIENTO RD cuenta con todas las medidas de seguridad f\u00edsicas, t\u00e9cnicas y administrativas adecuadas para proteger sus datos personales. Bajo ninguna circunstancia comercializaremos sus datos personales sin su consentimiento previo y por escrito.<\/span><\/p>\n<p><span style=\"color: #ffffff;\">Su informaci\u00f3n personal ser\u00e1 utilizada de la forma se\u00f1alada en la Ley Federal de Datos Personales en Posesi\u00f3n de los Particulares y su Reglamento.<\/span><\/p><p><span style=\"color: #ffffff;\">Espec\u00edficamente, en el caso de clientes, su informaci\u00f3n personal ser\u00e1 usada para proveer o contratar los servicios y productos que ha solicitado, informarle sobre cambios en los mismos y evaluar la calidad del servicio que le brindamos, as\u00ed como para realizar consultas, cotizaciones, prestar servicios de atenci\u00f3n a cliente, adquisiciones, compra, venta, distribuci\u00f3n y comercializaci\u00f3n de refacciones, autopartes y productos automotrices, o cualquier actividad an\u00e1loga a las anteriores; en el caso de proveedores de servicios su informaci\u00f3n personal ser\u00e1 usada para obtener cotizaciones, enviar pedidos, efectuar pagos, as\u00ed como para la compra, venta y distribuci\u00f3n de refacciones, autopartes y productos automotrices, o cualquier actividad an\u00e1loga a las anteriores.<\/span><\/p><p><span style=\"color: #ffffff;\">Asimismo, al proporcionar sus datos, Usted autoriza a MANTENIMIENTO RD, su utilizaci\u00f3n con fines mercadot\u00e9cnicos, estad\u00edsticos, promocionales, publicitarios, informativos o de prospecci\u00f3n comercial respecto a las actividades de MANTENIMIENTO RD, sus filiales, subsidiarias y otras actividades relacionadas con la promoci\u00f3n de productos y servicios de mec\u00e1nica, laminado y pintura automotriz,&nbsp;<\/span><span style=\"color: rgb(255, 255, 255); font-style: inherit; font-weight: inherit; font-family: var( --e-global-typography-text-font-family );\">ya sea de MANTENIMIENTO RD, sus filiales, subsidiarias o de sus socios de negocios. Para las finalidades antes mencionadas, requerimos obtener datos personales tales como nombre, edad, direcci\u00f3n de correo electr\u00f3nico, n\u00famero telef\u00f3nico, domicilio, grado\/ tipo de estudios, antecedentes laborales, referencias personales y laborales y, en algunos casos, datos y antecedentes relativos al estado de salud del titular, mismos que ser\u00e1n utilizados exclusivamente responder en caso de emergencias m\u00e9dicas y que son considerados como sensibles bajo la Ley Federal de Protecci\u00f3n de Datos Personales en Posesi\u00f3n de los Particulares, en el entendido de que, estos \u00faltimos recibir\u00e1n el tratamiento que les corresponda bajo dicha Ley.<\/span><\/p>\t\t\t\t\t\t\t\t<\/div>\n\t\t\t\t\t<\/div>\n\t\t<\/div>\n\t\t\t\t\t<\/div>\n\t\t<\/section>\n\t\t\t\t<\/div>\n\t\t","protected":false},"excerpt":{"rendered":"<p>AVISO DE PRIVACIDAD MANTENIMIENTO AUTOMOTRIZ E INDUSTRIAL RD Zayra Alejandra Ram\u00edrez D\u00edaz (\u201cMANTENIMIENTO RD\u201d), con domicilio en Barra de Navidad 34 B-Bajos, Jardines de Santa Clara, Ecatepec, Estado de M\u00e9xico, C.P. 55450, es responsable de recabar sus datos personales, del uso que se le d\u00e9 a los mismos y de su protecci\u00f3n. De conformidad con [&hellip;]<\/p>\n","protected":false},"author":1,"featured_media":0,"parent":0,"menu_order":0,"comment_status":"closed","ping_status":"closed","template":"","meta":{"site-sidebar-layout":"no-sidebar","site-content-layout":"page-builder","ast-site-content-layout":"default","site-content-style":"default","site-sidebar-style":"default","ast-global-header-display":"","ast-banner-title-visibility":"","ast-main-header-display":"","ast-hfb-above-header-display":"","ast-hfb-below-header-display":"","ast-hfb-mobile-header-display":"","site-post-title":"disabled","ast-breadcrumbs-content":"","ast-featured-img":"disabled","footer-sml-layout":"","ast-disable-related-posts":"","theme-transparent-header-meta":"","adv-header-id-meta":"","stick-header-meta":"","header-above-stick-meta":"","header-main-stick-meta":"","header-below-stick-meta":"","astra-migrate-meta-layouts":"default","ast-page-background-enabled":"default","ast-page-background-meta":{"desktop":{"background-color":"var(--ast-global-color-4)","background-image":"","background-repeat":"repeat","background-position":"center center","background-size":"auto","background-attachment":"scroll","background-type":"","background-media":"","overlay-type":"","overlay-color":"","overlay-opacity":"","overlay-gradient":""},"tablet":{"background-color":"","background-image":"","background-repeat":"repeat","background-position":"center center","background-size":"auto","background-attachment":"scroll","background-type":"","background-media":"","overlay-type":"","overlay-color":"","overlay-opacity":"","overlay-gradient":""},"mobile":{"background-color":"","background-image":"","background-repeat":"repeat","background-position":"center center","background-size":"auto","background-attachment":"scroll","background-type":"","background-media":"","overlay-type":"","overlay-color":"","overlay-opacity":"","overlay-gradient":""}},"ast-content-background-meta":{"desktop":{"background-color":"var(--ast-global-color-5)","background-image":"","background-repeat":"repeat","background-position":"center center","background-size":"auto","background-attachment":"scroll","background-type":"","background-media":"","overlay-type":"","overlay-color":"","overlay-opacity":"","overlay-gradient":""},"tablet":{"background-color":"var(--ast-global-color-5)","background-image":"","background-repeat":"repeat","background-position":"center center","background-size":"auto","background-attachment":"scroll","background-type":"","background-media":"","overlay-type":"","overlay-color":"","overlay-opacity":"","overlay-gradient":""},"mobile":{"background-color":"var(--ast-global-color-5)","background-image":"","background-repeat":"repeat","background-position":"center center","background-size":"auto","background-attachment":"scroll","background-type":"","background-media":"","overlay-type":"","overlay-color":"","overlay-opacity":"","overlay-gradient":""}},"footnotes":""},"class_list":["post-325","page","type-page","status-publish","hentry"],"jetpack_sharing_enabled":true,"_links":{"self":[{"href":"https:\/\/www.mantenimientord.com.mx\/index.php\/wp-json\/wp\/v2\/pages\/325","targetHints":{"allow":["GET"]}}],"collection":[{"href":"https:\/\/www.mantenimientord.com.mx\/index.php\/wp-json\/wp\/v2\/pages"}],"about":[{"href":"https:\/\/www.mantenimientord.com.mx\/index.php\/wp-json\/wp\/v2\/types\/page"}],"author":[{"embeddable":true,"href":"https:\/\/www.mantenimientord.com.mx\/index.php\/wp-json\/wp\/v2\/users\/1"}],"replies":[{"embeddable":true,"href":"https:\/\/www.mantenimientord.com.mx\/index.php\/wp-json\/wp\/v2\/comments?post=325"}],"version-history":[{"count":16,"href":"https:\/\/www.mantenimientord.com.mx\/index.php\/wp-json\/wp\/v2\/pages\/325\/revisions"}],"predecessor-version":[{"id":345,"href":"https:\/\/www.mantenimientord.com.mx\/index.php\/wp-json\/wp\/v2\/pages\/325\/revisions\/345"}],"wp:attachment":[{"href":"https:\/\/www.mantenimientord.com.mx\/index.php\/wp-json\/wp\/v2\/media?parent=325"}],"curies":[{"name":"wp","href":"https:\/\/api.w.org\/{rel}","templated":true}]}}